+ 6. Let c be j(-12). Suppose c*r + 16 = 10*r. Calculate the greatest common divisor of 12 and r.
4
Let v = 48 - 8. Calculate the highest common divisor of v and 16.
8
Suppose -1134 = -43*z + 29*z. Calculate the highest common factor of 891 and z.
81
Let t be 4/(-3)*6/(-4). Suppose 0 = -2*k - 2*x + 6, t*k + 3*x - 11 = -0*k. Let v be 2*(220/8 + k). What is the greatest common factor of v and 34?
17
Let j = 215 + -170. What is the greatest common factor of j and 27?
9
Let u = 17 + -12. Suppose -7 + u = -r. Suppose r*i - x = -4*x + 18, 2*i - 4*x - 18 = 0. What is the highest common divisor of i and 72?
9
Let t(p) = p**2 - 6*p - 7. Let m be (-3 + 49)/(-2) - 1. Let g be ((-8)/(-16))/((-1)/m). Let u be t(g). What is the highest common factor of u and 13?
13
Let r = 2 - -7. Suppose -3*g + 105 - r = 0. What is the greatest common divisor of g and 8?
8
Suppose 5*u - 125 - 75 = 0. Let g = -42 + 47. What is the greatest common factor of u and g?
5
Let l(o) = -2*o - 4. Let m be l(-2). Let j = -6 - -9. Suppose -2*n + m*b = -3*b - 60, -j*b - 132 = -4*n. What is the greatest common divisor of 9 and n?
9
Let k be (-4)/(-10) - 18/(-5). Suppose 17*h = 10*h + 1253. Suppose 0*d + d = 3*r - h, 0 = k*r - d - 239. What is the greatest common factor of 30 and r?
30
Let f = -324 - -327. Let y be 2/5 + (-13)/(-5). Calculate the greatest common divisor of f and y.
3
Suppose p = -3, -1 = -5*r + 2*p - 0. Let u be 540/24*(-2)/r*3. What is the highest common divisor of u and 27?
27
Suppose 15*g - 952 = 1148. What is the greatest common factor of g and 20?
20
Let g be (438*-1)/((-177)/472). What is the greatest common divisor of g and 32?
16
Let p = -640 + 805. Calculate the greatest common divisor of 66 and p.
33
Suppose -26*h + 673 = 101. What is the highest common divisor of h and 176?
22
Suppose 28*m - 68*m + 3080 = 0. Calculate the highest common divisor of m and 616.
77
Let k = 73 + -14. What is the highest common factor of k and 118?
59
Let n be (-472)/(-32) - (-1)/4. Suppose a = -75 - 36. Let m = a - -186. Calculate the highest common factor of n and m.
15
Let z = -244 + 476. Let j(i) = i**2 - i + 2. Let l be j(8). What is the greatest common divisor of l and z?
58
Suppose 2*g - 100 = 4*r, -5*g + 2*r = -2*g - 154. Suppose -4*b = -68 + 32. Let i be 17 - (-3)/2*(-24)/b. Calculate the greatest common factor of g and i.
13
Let c be (-4)/5*45715/(-82) - 4. What is the highest common factor of 130 and c?
26
Suppose 0 = 23*m - 18*m - 150. Calculate the greatest common factor of m and 126.
6
Let i be (-10)/(2/(2*-4)). Suppose 4*p = -0*p - 4*g, -2*g = 5*p - 12. Let z = p - -6. Calculate the highest common divisor of i and z.
10
Suppose 0 = 3*p - 9, -410 = -5*t + 2*p + 3*p. Let x = 1122 + -1088. Calculate the highest common divisor of t and x.
17
Let p = -14 - -25. Let n be 6/p - (-1242)/22. What is the highest common divisor of n and 76?
19
Suppose -2*v + 16 = 2*v, 4*j + 3*v = 272. Let n(m) = m + 11. Let k be n(15). Calculate the greatest common factor of j and k.
13
Let q be 140*(7 + 78/(-12)). What is the highest common divisor of q and 140?
70
Suppose 3*q - 11 = -0*q - 4*l, 4*q = -2*l + 18. Let k(t) = 19*t - 10. Let s be k(q). Calculate the greatest common divisor of 34 and s.
17
Let h = 2862 - 1182. Calculate the greatest common factor of 28 and h.
28
Let v(u) = u**3 + 10*u**2 + 3*u - 6. Let j be v(-9). What is the highest common divisor of 552 and j?
24
Let h be (-4)/(-5)*(-580)/(-29). Let o be 501*4/32 + 6/h. Calculate the greatest common factor of 7 and o.
7
Let k be 10 + (-17)/((-119)/42) + 2. Calculate the greatest common divisor of k and 1206.
18
Suppose -5*r + 19 + 1 = 0. Suppose 124 = r*d + 4*q, q = 5*q - 20. Suppose 0 = c - 2 - 11. What is the greatest common factor of c and d?
13
Let u(w) = -w**2 + w + 3. Let b be u(0). Let m(d) = 44*d - 45*d + 3 - 3*d**2 + 3*d**3 + 2*d**2. Let s be m(2). Calculate the highest common factor of s and b.
3
Let h = -76 - -66. Let x be ((-18)/h)/((-3)/(-5)). Calculate the highest common factor of 27 and x.
3
Suppose -32*v - 12 = -29*v. Let g be (2 + -4)*v/(3 + -2). What is the greatest common factor of 16 and g?
8
Let f be ((-6)/(-45)*5)/(8/420). Calculate the highest common divisor of 280 and f.
35
Let g = 52 + -93. Let u = g + 59. Let b be (-328)/(-18) + (-8)/36. What is the greatest common divisor of u and b?
18
Let a = 82 + -80. Suppose 4*c - a*c - 260 = 0. What is the greatest common factor of 10 and c?
10
Let x be ((-10)/3)/((-2)/12). Let h(g) = -g**2 - 18*g + 26. Let p be h(-15). Let f = p - 63. Calculate the highest common factor of x and f.
4
Let z = -646 + 718. Calculate the greatest common factor of z and 9.
9
Suppose 2*h + 0*h - 20 = 0. Let c be 39/104 + 29/8. Let k = h - c. What is the highest common factor of k and 42?
6
Let x = -51 + 82. Let v be -31*4*(-2)/8. Calculate the greatest common factor of x and v.
31
Suppose -10*j = -5*j + 5*l - 50, 0 = j - 3*l - 18. What is the highest common divisor of 66 and j?
6
Let b be 84/(-2)*(-35)/14. Let k = b + -93. Calculate the greatest common divisor of 6 and k.
6
Let k = -3 + 5. Suppose k*a = -4*n + 8, 0*a = -2*a + 3*n + 1. Let c = -76 - -78. Calculate the highest common divisor of c and a.
2
Let b = -1 - -5. Suppose -b*t = -6*t - 8. Let p be (-130)/(-14) + t/14. Calculate the highest common factor of 1 and p.
1
Suppose 0 = -2*o + 2*k - 8 + 2, -3*k - 3 = 3*o. Let g = 19 + o. Let r(x) = x**2 - 12*x - 5. Let u be r(g). What is the highest common divisor of 32 and u?
16
Let k be 21/14*(-4)/(-18)*45. Suppose 0 = 3*w - k, -4*a = -3*w - 97 - 0. Calculate the greatest common factor of 7 and a.
7
Let g(p) = -5*p + 4. Let t(v) = -36*v + 28. Let s(d) = 20*g(d) - 3*t(d). Let c be s(3). Calculate the greatest common factor of 5 and c.
5
Let v be (-11)/2*(6 + -8). Suppose v*z = -z + 216. Calculate the greatest common factor of z and 2.
2
Suppose -4*o + 253 + 93 = 5*z, 3*o = z - 54. Let p = 1257 - 1235. What is the highest common divisor of z and p?
22
Let c = -426 - -1162. Calculate the greatest common divisor of 138 and c.
46
Let q = 37 - 25. Let a be 1 + 4/(q/75). Calculate the greatest common divisor of a and 39.
13
Let i(m) = m**3 + m + 208. Let u be i(0). Suppose 2*s = -2*s + u. Suppose s = 4*d + 20. Calculate the greatest common factor of 8 and d.
8
Suppose -11*w + 8*w + 24 = 0. Suppose -w + 2 = -6*i. Calculate the highest common factor of i and 9.
1
Let g(q) = 10*q**2. Let l be g(-1). Let v(d) = 3*d + 4. Let r be v(l). Calculate the greatest common factor of 85 and r.
17
Let w(u) = -u**3 + 3*u**2 + 9*u - 17. Let h be w(3). Calculate the highest common divisor of 130 and h.
10
Suppose -4*l = 20, k + 2*l = -0*l - 20. Let b be 627/55 + (-6)/k. Let v(f) = 4*f - 4. Let i be v(3). What is the greatest common factor of b and i?
4
Suppose g + g - 10 = 0. Let d = -35 - -39. Let i be (-25)/(-10)*(-6)/d*-12. Calculate the highest common divisor of g and i.
5
Let v(d) = d**2 + 2*d + 4. Let p be v(-3). Let q = -40 - -45. Suppose -l - 18 = -q*x - 56, -2*x - 4 = 0. Calculate the highest common divisor of p and l.
7
Let w = 328 + -299. What is the highest common factor of w and 29?
29
Let l be ((-9)/(27/6))/(-1). Suppose -l*k + 51 = 43. Calculate the greatest common divisor of k and 6.
2
Let b be -3 + 0/3 - -3 - -2. Let z be b/(-2)*(-8)/2. What is the greatest common divisor of 44 and z?
4
Let i(y) = -7*y + 16. Let t be i(-6). Calculate the highest common divisor of t and 116.
58
Suppose -28*x = -34*x + 636. Let o = -102 + x. What is the greatest common factor of o and 20?
4
Suppose 797*c + 126 = 806*c. What is the highest common factor of 35 and c?
7
Suppose 0*i - 3*i = -30. Suppose 0 = 38*s - 36*s - 180. Let m be 1/(2 + (-177)/s). What is the highest common factor of m and i?
10
Let f be 3/(2 - (-117)/(-60)). Suppose -n = 4*n - f. Let g be 0 - (297/(-5) + (-12)/20). Calculate the greatest common factor of n and g.
12
Suppose 63 = -0*p - 3*p. Let o be (2/(-1))/(p/336). What is the highest common factor of 48 and o?
16
Suppose u = -3*h + 9 + 43, 3*h + 4*u - 37 = 0. Let c = -6 + h. Let m = 20867 + -20828. Calculate the highest common factor of c and m.
13
Let z = -10 - -22. Let r = z - -4. Suppose -4*u = -c + 28, 3*c - 94 = -0*c + 2*u. What is the greatest common factor of c and r?
16
Let k(q) 